nd 1239.
21
Let j be -1*(-5)/(-2)*(-11232)/270. Suppose 5*x - j = -n, 0 = 5*n + 5*x - 225 - 255. What is the highest common factor of 2 and n?
2
Let s be (6/(-4) + 2)*26. Suppose s*o - 375 = -2*o. Calculate the highest common divisor of o and 15.
5
Suppose -23*a + 1244 = -826. Let w(t) = -41*t - 1. Let b be w(-1). Calculate the highest common factor of b and a.
10
Let y = 321 - 342. Let b(f) = -2*f**2 - 45*f - 57. Let c be b(y). What is the highest common factor of c and 6?
6
Suppose q - 3497 = -3*l, 520*q - 523*q + 4*l = -10569. What is the greatest common factor of 190 and q?
95
Let d(w) = w**3 + 9*w**2 - 10*w + 28. Let o be d(-10). Suppose -137 = o*i - 697. What is the highest common divisor of 32 and i?
4
Let s be 53086/154 - (-4 + (-104)/(-28)). What is the greatest common divisor of s and 120?
15
Let n = 223 + -91. Let z(x) = -3*x**3 + 5*x**2 + 43*x + 98. Let v be z(-4). Calculate the highest common factor of v and n.
66
Suppose 0 = -t - 4*z + 69, -6*z + 72 = t - 5*z. Let b = 149 - t. Suppose -3*a + 41 = -4*u, -4*a + u = -97 + 25. What is the highest common divisor of b and a?
19
Let c(o) = -o**3 + 7*o**2. Let j be c(3). Suppose 2*r - 1186 = 1034. Let v = -786 + r. What is the highest common factor of j and v?
36
Let q = -2999 - -3092. Calculate the highest common divisor of q and 961.
31
Suppose -11*x + 7039 = -1409. What is the highest common factor of 48 and x?
48
Suppose 145*p - 137*p - 15260 = 4140. What is the greatest common divisor of p and 20?
5
Suppose -11039 = -544*o + 12897. What is the highest common divisor of 15543 and o?
11
Suppose -3*q + 3*o = 6*o, 3*q - o = 20. Suppose -q*g - 156 = -g. Let m = 41 + g. What is the greatest common factor of 2 and m?
2
Let o = -14374 - -20390. What is the highest common divisor of 47 and o?
47
Let k(q) = -21*q + 13*q + 3 + 4*q**2 + 4*q**2. Let m be k(3). Suppose -3*p - 3 = 0, 2*z - m = z + 3*p. Calculate the highest common divisor of 32 and z.
16
Suppose 16*w + 124 = 860. Let p(l) = l**3 - 2*l**2 + 10*l - 7. Let h be p(5). Let b be (-5)/(15/9) + h. What is the greatest common factor of b and w?
23
Suppose 300 = 8*y + 7*y. Let v = 21 + -38. Let k = -12 - v. What is the greatest common factor of y and k?
5
Suppose -z + 2*y = -134, 3*y + 634 - 793 = -z. What is the highest common divisor of z and 21?
3
Let k(t) = t - 19. Let x be k(-25). Let f = x - -47. Suppose 0 + 35 = 5*z + 5*s, -28 = -f*z + 4*s. What is the greatest common factor of 12 and z?
4
Let b = 35 + -19. Let k = 11 + -11. Suppose k = r + 11 - 15. What is the highest common factor of r and b?
4
Let k = 28 - 104. Let c = -70 - k. Suppose 2*m - 96 = -c*m. Calculate the greatest common factor of m and 24.
12
Let i be (-219)/292 + (-5)/4. Let c be i/((-8)/1156) - (-2 + 3). What is the highest common divisor of 216 and c?
72
Let b = -23 - -32. Suppose -19*r = -18*r - 80. Suppose 0 = 3*w - 12, 4*s + 5*w + 24 = r. Calculate the highest common factor of b and s.
9
Let a(d) = d**3 - 4*d**2 - 14*d + 15. Let m be a(7). Let n be 13 - (9 + 5) - -81. What is the greatest common divisor of m and n?
16
Suppose -5*x = -k + 41, 3*x + 15 = -0*x. Let t be k/(-4)*(6*4)/(-3). What is the greatest common divisor of t and 8?
8
Suppose 12 = -3*a - 3*d, 0*a - 4*d = a + 10. Let m be -4*a/(-16)*-8. Calculate the highest common factor of m and 208.
4
Suppose 0 = 38*u - 36*u - 16, 0 = -7*y - 5*u + 8475. What is the greatest common factor of y and 1687?
241
Let m be (1 + 6 + (-2 - -75))/2. Suppose 0 = -4*d - 3*o + 2*o + 68, 2*d = -2*o + m. What is the highest common factor of 1008 and d?
16
Let y be (72/(-28))/(7/(-14945)). Calculate the greatest common divisor of 360 and y.
90
Let f = -249 - -537. Suppose a - f = -3*p, 6*a - a - 15 = 0. Suppose 4*l + l = p. Calculate the highest common factor of l and 133.
19
Suppose -5*o + 44 = -147*r + 148*r, 0 = 2*o + 4*r - 32. Calculate the greatest common divisor of 10936 and o.
8
Let n = 2449 - -418. Calculate the highest common divisor of 61 and n.
61
Suppose -17*w = -10*w - 35. Let o be 1067 - 72/(w + -14). Calculate the highest common factor of 43 and o.
43
Suppose 4*i - w - 1441 = 0, -4*i + 5*w + 1828 = 383. What is the greatest common factor of i and 48?
24
Let s(k) = -k**3 + 2*k - 1. Let c be s(-2). Suppose -29 = -x + p, p = c*p - 10. Suppose -321 = -2*h + 19. Calculate the greatest common divisor of x and h.
34
Let f be -9 + (-161293)/(-88) - (-5)/40. Calculate the greatest common factor of 57 and f.
57
Suppose 2819 = 3*x + 174*i - 178*i, -x - 4*i + 961 = 0. What is the highest common divisor of 10 and x?
5
Suppose 2*m - 506 = i, -5*i = 4*m + 217 - 1215. Calculate the greatest common divisor of m and 2205.
63
Let d(x) = 3*x**2 + 35*x - 146. Let g be d(-15). Calculate the greatest common factor of g and 98.
2
Let n be (-144)/(-48)*(-43)/(-3). Suppose 38*l + 1705 = n*l. Calculate the highest common divisor of l and 11.
11
Let x be 0 - 0/((-25)/(-5)). Suppose x*c + 2*c = -4*s + 252, -5*c - 63 = -s. Calculate the greatest common factor of s and 42.
21
Let d be (178/(-132) + (-4)/(-22))*-6. Let m be 137 + (-3 - -2) + d. Calculate the highest common factor of m and 26.
13
Let c = 16 + 108. Suppose 394*h = 405*h - 341. What is the highest common divisor of c and h?
31
Let o = 528 - 560. Let g(j) = -j**3 - 36*j**2 - 130*j - 35. Let z be g(o). What is the greatest common factor of z and 841?
29
Suppose -21*a + 76*a = 825. What is the greatest common divisor of 405 and a?
15
Let u(w) = 4*w**2 - 10*w + 14. Let k be u(5). Let o = k - 24. Suppose -6*y = o - 214. Calculate the greatest common factor of 87 and y.
29
Let p be 26*(-378)/28*-18. What is the greatest common divisor of p and 117?
117
Suppose 90*p - 95*p = -40. What is the greatest common divisor of p and 960?
8
Let z be (-12 + 3)/((24/(-2))/4). Suppose 3*u + 1 = -5, z*u = -i + 30. What is the highest common divisor of 63 and i?
9
Let d(f) be the first derivative of -f**2 - 9*f - 45. Let u be d(-7). Suppose -6 = v - u*w, 62 = 3*v - 0*w + w. What is the highest common factor of 19 and v?
19
Let z be (-5 - (-48)/9) + 5698/6. Suppose 0 = 2*d + 3*l + 595 - 1538, -2*d + z = -4*l. What is the greatest common divisor of 43 and d?
43
Let j(x) = -119*x + 6. Let w be j(-2). Let p be (-11)/((-77)/w) + (-2)/(-14). Calculate the highest common divisor of p and 5.
5
Let t be 435/465 - 1 - (-11598)/62. What is the highest common divisor of t and 153?
17
Suppose 0 = 7*s - 66*s + 6069 - 1408. Let q be (1 + -1)/(-2) + 553. What is the greatest common divisor of q and s?
79
Let o(g) = g**2 - 9*g - 78. Let t be o(15). Suppose 0 = -f + 5*b + 52, -4*f + b + 208 = -4*b. What is the highest common divisor of f and t?
4
Suppose 0 = -222*m - 104*m - 27*m + 39536. Calculate the highest common divisor of 1736 and m.
56
Let m(q) = -q**3 + 31*q**2 - 102*q - 149. Let y be m(27). Let x(s) = -s**3 - 6*s**2 - s - 4. Let z be x(-6). What is the greatest common factor of z and y?
1
Let j(y) = 3*y + 32. Let m be j(-4). Let z = 100 + m. What is the greatest common divisor of z and 40?
40
Let c(d) = -3*d - 15. Let q be (33/9)/(7/(-63)). Let o be c(q). What is the highest common factor of o and 196?
28
Let f(n) = n**2 + 23*n - 22. Let c be f(-24). Suppose 25*o + c = 77. Calculate the greatest common divisor of o and 81.
3
Let v be 14*(-5)/((-35)/(-21)). Let m be (-4)/(-3) + 0 - 2464/v. Suppose 0 = -3*c + 49 - 13. What is the greatest common divisor of m and c?
12
Suppose 0 = -2*v - f + 10741, 2*f = 3*v - 24834 + 8740. Calculate the greatest common divisor of v and 88.
88
Let q(h) = -h**2 - 12*h - 21. Let o be q(-6). Suppose 0 = -6*p + 147 + 291. Suppose -9*i + 17 = -p. Calculate the greatest common factor of o and i.
5
Suppose 0 = -4*l + 5*c + 7538, 50*c - 51*c - 9433 = -5*l. Calculate the greatest common factor of l and 153.
51
Let y be ((-9)/2)/(4/(-8)). Suppose -354 = -73*x + 303. Calculate the greatest common divisor of y and x.
9
Let n(b) = 65*b + 407. Let l be n(-5). Suppose 186 = 3*i + 63. Calculate the highest common factor of l and i.
41
Suppose -5*a - 416 = -9*a. Suppose -9*g + 5*g = a. Let r = 88 - g. Calculate the highest common divisor of r and 6.
6
Suppose -2571 - 4781 = -8*u. Let q = -327 + u. Calculate the greatest common factor of 16 and q.
16
Let l(o) = 4068*o - 10654. Let f be l(8). C